multiple of 85?
False
Is 328 a factor of 32943992?
True
Is 1247 a factor of 177695006?
True
Is 172529325 a multiple of 1035?
True
Is 413 a factor of 277659074?
True
Is 436029571 a multiple of 5568?
False
Is 496 a factor of 92527808?
True
Does 13 divide 1498579754?
False
Does 42 divide 8895474?
True
Is 37 a factor of 1378083426?
True
Is 75902022 a multiple of 162?
True
Is 208234881 a multiple of 601?
False
Is 95 a factor of 1990121?
False
Does 31 divide 1798811376?
False
Does 56 divide 37412749?
False
Does 557 divide 32966045?
True
Does 3156 divide 60221926?
False
Does 1680 divide 254768640?
True
Is 285078823 a multiple of 74?
False
Is 9794341 a multiple of 614?
False
Is 1511166251 a multiple of 294?
False
Does 29 divide 369891846?
False
Does 17 divide 3830837304?
False
Is 56 a factor of 3391233?
False
Is 4 a factor of 162062002?
False
Is 120764093 a multiple of 380?
False
Does 5 divide 3273775570?
True
Does 24 divide 383551176?
True
Is 3264674812 a multiple of 17?
False
Does 39 divide 34024146?
True
Is 3252 a factor of 873816010?
False
Does 14 divide 258690552?
False
Is 1761057800 a multiple of 244?
True
Is 28514193 a multiple of 19?
True
Does 16 divide 21129680?
True
Is 1131214442 a multiple of 23?
False
Is 20 a factor of 37584780?
True
Is 76 a factor of 1465971022?
False
Is 61503918 a multiple of 1974?
True
Does 267 divide 42780271?
False
Is 121 a factor of 831565724?
True
Is 107752540 a multiple of 35?
True
Is 486318647 a multiple of 70?
False
Is 3681598776 a multiple of 21?
False
Is 1438 a factor of 51110606?
False
Is 202 a factor of 317121290?
False
Is 34 a factor of 3021579?
False
Is 1623581118 a multiple of 106?
True
Does 7 divide 106300747?
True
Is 107128695 a multiple of 129?
True
Does 637 divide 6856031?
True
Is 85389678 a multiple of 198?
True
Does 1593 divide 93786766?
False
Does 68 divide 226561040?
True
Is 166922318 a multiple of 3?
False
Does 4921 divide 3875711942?
False
Is 248613750 a multiple of 385?
True
Is 470 a factor of 911820095?
False
Is 965 a factor of 3028917875?
True
Does 379 divide 85901108?
True
Is 305 a factor of 32663060?
True
Does 108 divide 65287512?
True
Does 43 divide 22776596?
False
Is 10 a factor of 5603546?
False
Is 2579 a factor of 29642965?
False
Is 16096406 a multiple of 2?
True
Does 1959 divide 1759451170?
False
Does 117 divide 7764471?
True
Does 91 divide 101705071?
False
Is 4 a factor of 231443776?
True
Is 17656200 a multiple of 577?
True
Is 28258553 a multiple of 182?
False
Is 618 a factor of 69306228?
True
Does 31 divide 46164404?
False
Does 2539 divide 80868125?
False
Is 22 a factor of 1657727632?
True
Does 27 divide 23107102?
False
Is 402 a factor of 56509140?
True
Is 10 a factor of 149551657?
False
Is 11 a factor of 26879358?
True
Is 137 a factor of 21391247?
False
Is 485340073 a multiple of 950?
False
Does 1561 divide 41034007?
True
Does 209 divide 28263488?
True
Is 2478 a factor of 1208802258?
False
Does 92 divide 160835135?
False
Is 3443364050 a multiple of 25?
True
Does 14 divide 13935436?
False
Is 3967968 a multiple of 116?
False
Is 858 a factor of 460580672?
False
Is 1308 a factor of 39806468?
False
Does 4 divide 18307725?
False
Is 124 a factor of 48258577?
False
Does 75 divide 188895225?
True
Is 901 a factor of 40911033?
False
Does 31 divide 174734230?
False
Does 17 divide 633366910?
False
Does 499 divide 5268643326?
False
Does 359 divide 8276702?
False
Does 5127 divide 275692592?
False
Does 8 divide 204973635?
False
Is 83 a factor of 5213550?
False
Is 4322 a factor of 374149786?
False
Is 3 a factor of 14744814?
True
Is 6872333 a multiple of 27?
False
Does 13 divide 2431479895?
True
Is 156 a factor of 17461548?
True
Is 7328 a factor of 2282913824?
True
Is 169 a factor of 1671120334?
True
Is 5147448 a multiple of 834?
True
Does 12 divide 115486382?
False
Is 1938525378 a multiple of 12?
False
Is 16 a factor of 47212272?
True
Does 7 divide 77127351?
True
Does 264 divide 273530928?
True
Does 21 divide 380201892?
True
Does 6 divide 2408349?
False
Is 601 a factor of 48886454?
False
Is 18256700 a multiple of 55?
True
Is 8023328 a multiple of 32?
True
Is 159 a factor of 41919714?
True
Is 107947106 a multiple of 1959?
False
Is 130557045 a multiple of 194?
False
Does 25 divide 32982198?
False
Does 26 divide 332280936?
True
Does 17 divide 192450224?
False
Is 14 a factor of 85676543?
False
Is 53884208 a multiple of 40?
False
Is 1154667910 a multiple of 6910?
True
Is 11 a factor of 1134529330?
True
Is 2371 a factor of 363600763?
False
Is 14 a factor of 15771939?
False
Does 200 divide 3390810722?
False
Is 6 a factor of 147736104?
True
Is 143057209 a multiple of 102?
False
Is 3995705568 a multiple of 32?
True
Is 369 a factor of 963429997?
False
Is 16 a factor of 62563472?
True
Is 32 a factor of 881554353?
False
Is 61217416 a multiple of 463?
False
Does 18 divide 958961394?
True
Is 58992948 a multiple of 703?
True
Does 22 divide 667539664?
True
Does 1171 divide 86684446?
True
Is 109539900 a multiple of 1258?
False
Does 517 divide 154922758?
False
Is 33684282 a multiple of 138?
True
Is 7 a factor of 81447254?
True
Is 63 a factor of 2100266700?
False
Is 346268312 a multiple of 401?
True
Does 20 divide 34499580?
True
Is 7 a factor of 57458629?
False
Does 781 divide 304094846?
True
Is 339795400 a multiple of 20?
True
Is 12 a factor of 13707209?
False
Is 70 a factor of 66727850?
True
Does 3 divide 10474729?
False
Does 73 divide 894529424?
False
Is 274593960 a multiple of 20?
True
Is 438 a factor of 34415412?
True
Does 89 divide 69527067?
True
Is 173 a factor of 131302329?
True
Does 990 divide 108179280?
True
Is 165686846 a multiple of 1742?
True
Does 47 divide 56338434?
False
Is 9976824 a multiple of 39?
True
Is 293213580 a multiple of 23?
False
Is 217736792 a multiple of 364?
True
Is 286 a factor of 726381656?
True
Is 22 a factor of 490091421?
False
Is 37 a factor of 1937097223?
True
Is 3417347550 a multiple of 10?
True
Is 2345682499 a multiple of 621?
False
Is 272892204 a multiple of 12?
True
Is 68262137 a multiple of 706?
False
Is 94600200 a multiple of 300?
True
Is 351 a factor of 20478042?
True
Does 3 divide 26856579?
True
Does 271 divide 45004699?
True
Is 7233929 a multiple of 61?
True
Is 1068 a factor of 1293124430?
False
Is 4 a factor of 13824288?
True
Is 2317918 a multiple of 46?
False
Is 6913634 a multiple of 42?
False
Does 500 divide 955682500?
True
Does 52 divide 697093863?
False
Is 637891820 a multiple of 20?
True
Is 114 a factor of 68195039?
False
Is 2762966055 a multiple of 1753?
False
Does 53 divide 1169816?
True
Is 13 a factor of 5934911015?
False
Does 134 divide 58459510?
True
Does 87 divide 28028616?
True
Is 526 a factor of 3513149266?
True
Does 391 divide 254180598?
False
Is 10 a factor of 258370090?
True
Is 61946909 a multiple of 489?
False
Does 52 divide 5563324?
True
Does 4877 divide 228392710?
False
Does 10 divide 33233805?
False
Does 2803 divide 148864527?
True
Does 60 divide 5269820?
False
Does 1369 divide 6784764?
True
Is 90833132 a multiple of 413?
False
Is 538486060 a multiple of 140?
True
Is 2137 a factor of 309632067?
True
Is 765696217 a multiple of 1439?
True
Does 1767 divide 68810610?
False
Is 923 a factor of 9913020?
True
Is 219 a factor of 5679327?
True
Does 48 divide 496390836?
False
Is 2015 a factor of 48254654?
False
Is 21382060 a multiple of 140?
True
Does 10 divide 332253211?
False
Is 28 a factor of 900403028?
True
Is 67 a factor of 3340523?
False
Is 818501970 a multiple of 10?
True
Is 588 a factor of 54956397?
False
Does 133 divide 2925147337?
True
Is 87294943 a multiple of 18?
False
Is 84854942 a multiple of 1438?
True
Is 52 a factor of 23168236?
True
Is 384612601 a multiple of 774?
False
Does 94 divide 105051486?
True
Is 28132724 a multiple of 9?
False
Is 2184476388 a multiple of 6583?
True
Is 6928 a factor of 1640885153?
False
Is 12 a factor of 294625512?
True
Is 19 a factor of 3760670?
True
Is 10 a factor of 10921340?
True
Is 4 a factor of 142898768?
True
Does 42 divide 293446866?
False
Is 6 a factor of 16393860?
True
Is 4 a factor of 1336646055?
False
Does 87 divide 1747288512?
True
Does 763 divide 980654143?
True
Is 40403960 a multiple of 1142?
True
Does 111 divide 876013316?
False
Does 45 divide 111748140?
True
Does 377 divide 665253823?
True
Is 3917928809 